 o(p) = 96*p - 2368. Let w be o(56). What is the highest common factor of 64 and w?
64
Let s be (-2 + 96/15)/((-5)/50). Let r be 3*((-394)/(-30) - s/(-55)). Calculate the greatest common divisor of 444 and r.
37
Let f = -1 + 8. Suppose 95*i + 62 - 347 = 0. Calculate the highest common divisor of i and f.
1
Let g be ((-98)/6*-1)/(829/271083). What is the highest common divisor of g and 245?
49
Let a(m) = -24*m**2. Let d be a(-2). Let v = -94 - d. Suppose s - 5*l - 16 = -l, -s + 18 = -v*l. Calculate the highest common factor of s and 20.
20
Suppose -y + 2 = 0, 3*t = -2*y - y + 177. Let a = t + -23. Let d = 152 - 101. Calculate the greatest common divisor of a and d.
17
Suppose 5*j = n + 9*j - 26, -4*n = 4*j - 116. Let g be 330*(2 + (-12)/8). Calculate the greatest common factor of g and n.
15
Let n(u) = -4*u**2 - 43*u - 5. Let i be n(-14). Let c = i - -236. Calculate the highest common divisor of c and 343.
49
Suppose -39 - 11 = -d. Let b = -1528 - -1543. What is the highest common factor of b and d?
5
Let v = 93 + -50. Let k = 70 - v. Let q = -6 - -222. Calculate the greatest common factor of k and q.
27
Let u be (-142)/4*((-36)/4 + -27). Calculate the greatest common factor of 81 and u.
9
Suppose f - 3 = 45. Suppose 2*n - 7 - 1 = 0. Suppose 0 = -4*d + n + 20. Calculate the highest common factor of d and f.
6
Let x = -36 - -52. Let q be -2*(10/5)/(1/(-2)). Let u be (-500)/q*-2 + 3. Calculate the highest common divisor of x and u.
16
Suppose -14*o - 266 = -728. Let k = o + 156. Calculate the highest common factor of 42 and k.
21
Let b be 72*((-104)/78 - (-274)/12). What is the highest common divisor of b and 36?
36
Let g(r) = -16*r**3 + 35*r**2 + 121*r + 20. Let p be g(-3). What is the greatest common factor of p and 26?
2
Suppose 3*z + 2*h - 1323 = 0, -2*z - 16*h + 19*h = -921. What is the greatest common divisor of 6 and z?
3
Let b be (6/5)/((-117)/(-5070)). Suppose b*f - 63*f + 836 = 0. What is the greatest common factor of f and 19?
19
Let w be -2*6/(-4) - (-166 - -9). Calculate the highest common factor of w and 304.
16
Let f = 267 - 260. Suppose -f*y - 5*n + 82 = -5*y, 3*n = -5*y + 224. What is the greatest common divisor of y and 184?
46
Let u be (-2)/8 - 51/(-12). Suppose -u*q = -9*q + 180. Suppose -516*p + 529*p = 117. What is the highest common divisor of p and q?
9
Let i be (0 + 49/70 + 6/(-30))*202. What is the greatest common factor of i and 23533?
101
Let v(y) be the first derivative of -y**4/4 + 4*y**3/3 + 2*y**2 + 13*y + 15. Let m be v(5). Let s = 136 + m. Calculate the greatest common divisor of s and 16.
16
Let x(p) = 23*p - 11. Suppose -40*h = -16*h - 48. Let l be x(h). What is the highest common factor of l and 28?
7
Suppose -16*n = -166 - 298. Calculate the highest common divisor of 1392 and n.
29
Let d(j) = -30*j**3 + 7*j**2 + 26*j + 2. Let p be d(-2). Calculate the highest common factor of 2 and p.
2
Suppose b = 5*k - 15, 8*b - 4*k + 3 = 9*b. Let f be b/(-15) - 41/(-3). Calculate the greatest common factor of f and 35.
7
Let l be ((-305757)/(-117) - -9) + 44/(-143). What is the highest common factor of l and 627?
57
Let i be ((-15015)/2366 - 4/26)*-154. Calculate the greatest common divisor of 2184 and i.
91
Let k(g) = -10*g + 18. Let s be k(-11). Suppose 6*r = 94 + 26. Let f = 36 - r. Calculate the greatest common factor of s and f.
16
Suppose -6*t - 58 = -28. Let z be 8/2 + t + 16 + 1. Let s be (-38)/(-1) - (-3 + 1). Calculate the greatest common divisor of z and s.
8
Let p = 14101 - 14081. Let z = 9 - -3. Let a = z + 18. What is the highest common divisor of p and a?
10
Let t be (-2)/(-12) + 533/78 + 7. What is the highest common divisor of t and 3444?
14
Suppose 0 = -i + z + 11, 6*i - 3*i - 37 = 5*z. Let u = i + -7. Let s be 47*(-1)/(-1) + u. What is the highest common factor of 7 and s?
7
Let v(f) = 107*f**2 + 172*f + 231. Let m be v(-7). What is the greatest common divisor of 70 and m?
70
Let b = -87 - -127. Let s be b/28*(-2 + 9). What is the greatest common factor of s and 10?
10
Let o(a) = -6*a**3 - 8*a**2 + 19*a + 8. Let k be o(-3). What is the highest common divisor of k and 7913?
41
Let w = 242 + 58. Let p = w + -270. Calculate the highest common divisor of p and 24.
6
Suppose y + y = -2*a + 28, -a + 20 = 3*y. Let g(w) = 83*w + 2545. Let d be g(-30). Calculate the highest common factor of a and d.
11
Let w(p) = -2*p**2 + 494*p - 80. Let c be w(20). What is the greatest common factor of 216 and c?
72
Suppose 0 = -3*b + 7*b - 48. Suppose 3 = -3*r, 0 = -4*j + 4*r + 89 - 61. Calculate the greatest common divisor of j and b.
6
Let k(x) = 2*x**2 + 95*x + 328. Let j be k(-44). Calculate the greatest common divisor of 28 and j.
4
Suppose 27*l - 31*l = -36. Let x be 8*(-5)/(-10) - -32. Suppose -4*h + x = -0*h. What is the highest common factor of h and l?
9
Let z be (1 + 1470/(-6))*(-338)/26. Calculate the highest common factor of 39 and z.
13
Let d = -158 + 147. Let p be 1*(-6 - -9)*d/(-3). Calculate the greatest common divisor of 33 and p.
11
Suppose -2*u - 7*a + 4 = -6*a, -4*a - 14 = -2*u. Suppose -u*k + 6*k = 2*o + 309, 426 = 4*k + 2*o. What is the highest common divisor of k and 5?
5
Let o be (-1164)/(-7) + 2 - (-4)/(-14). Suppose 26*u - 428 = -o. Let m be 9*(0 - 20/(-6)). Calculate the highest common factor of m and u.
10
Let y(k) = -110*k - 3626. Let o be y(-34). Calculate the greatest common divisor of o and 3154.
38
Suppose -12 = -3*n - 3*n. Suppose -2*f - 3*l + 12 = l, n*f + l - 15 = 0. Suppose 28*c - 34*c = -6. What is the greatest common divisor of f and c?
1
Let l be 12 + -4 - (12480/12)/(-8). Calculate the greatest common factor of 180 and l.
6
Let p(x) = -54*x - 203. Let a be p(-4). Suppose 0 = a*k - 179 + 36. Calculate the highest common divisor of k and 22.
11
Let j be -1 - 2*(-52)/8. Let a be -2 - 4/3*2415/(-14). Calculate the highest common factor of j and a.
12
Let j(d) = -937*d + 5633. Let s be j(6). Let i(c) = -c**2 + 2*c. Let y be i(2). Suppose -s*l + 686 + 161 = y. Calculate the greatest common factor of 11 and l.
11
Suppose 743 + 200 = -5*u + 4*o, 0 = -2*u - 5*o - 397. Let h = 215 + u. Calculate the greatest common factor of h and 24.
24
Let o(z) = z**2 - 64*z + 998. Let f be o(24). Suppose -3*b = -7 + 1. What is the greatest common divisor of b and f?
2
Suppose 43*x + 61*x - 130*x = -83070. What is the highest common divisor of 15 and x?
15
Suppose o - 3 = 3*y + 1, -y + 3*o - 12 = 0. Suppose y = -10*a - 15 + 65. What is the greatest common divisor of a and 2?
1
Suppose -158*k = -2*v - 160*k + 38, -3*k = -2*v + 53. What is the greatest common divisor of 2827 and v?
11
Let t(o) = -19*o**2 - 63*o - 12. Let x be t(-3). Calculate the highest common factor of 519 and x.
3
Suppose 0 = 2*i - 35 - 285. Let u be ((-10)/(-3))/(i/150 + -1). Let v be (-10)/4*(-4 - 4). Calculate the highest common factor of u and v.
10
Suppose 265*h + 6006 = 278*h. Let c be 4 - -38*(-1 + 2). Calculate the highest common divisor of h and c.
42
Let b = 7636 + -6271. What is the greatest common divisor of b and 105?
105
Suppose -10 = -4*l - 2*x, 3*l + 2*x - 4 - 2 = 0. Let g be ((-17)/(-4))/((5/l)/(-5)). Let c = g - -59. Calculate the highest common factor of c and 14.
14
Let j be 2 - 0 - 3 - -6. Let u = -2 + j. Suppose -8*w + 29 = 4*g - 11, 3*w - g - 5 = 0. Calculate the greatest common divisor of w and u.
3
Let u(l) = 171*l + 1935. Let a be u(-11). What is the greatest common factor of a and 1278?
18
Suppose 4*g = -5*t + 24, 65*t - 12 = 61*t + 4*g. Calculate the greatest common factor of 2732 and t.
4
Let p be (470/(-141))/(559/561 + -1). Calculate the highest common divisor of 1155 and p.
55
Let r be -3*(-4)/(8/6). Let o = -111 - -106. Let n be 12*3 - 0*o/(-30). What is the highest common divisor of n and r?
9
Let c be (-1 - -2) + (-4711)/7. Let p = c + 222. Let h = -225 - p. Calculate the greatest common divisor of h and 45.
45
Suppose 2*c - 16 - 112 = 0. Let k be (9*(-8)/(-20))/(3/160). What is the highest common divisor of k and c?
64
Suppose -218*l = -6 - 410 - 20. Calculate the greatest common factor of 2024 and l.
2
Suppose 0 = j - 0*j - 7. Let t = 156 + -153. Suppose 23 = 4*g + a, -3 - 3 = -t*g - 3*a. What is the greatest common factor of j and g?
7
Let b = 4646 + -4513. Calculate the greatest common factor of b a